2, 199
Suppose -15*d = -11*d - 1344. What are the prime factors of d?
2, 3, 7
List the prime factors of 216468/108 - 2/6.
2, 3, 167
Suppose -31*b + 30*b = -3674. What are the prime factors of b?
2, 11, 167
Let q(u) = 52*u**2 - 25*u - 88. What are the prime factors of q(-3)?
5, 7, 13
Suppose -27*l + 5841 = 171. List the prime factors of l.
2, 3, 5, 7
Suppose 3 + 12 = 3*o. Suppose k + 208 = o*s, 2*k + 62 - 15 = s. List the prime factors of s.
41
Let c(k) = -k - 2. Suppose -7*v + a = -4*v + 12, 3*v + 12 = -3*a. Let o be c(v). Suppose 43 = o*y - y. List the prime factors of y.
43
Suppose -3*i - 6501 = -2*s, 0 = -4*s + 2*i + 3*i + 12999. What are the prime factors of s?
2, 3, 541
Let b(n) = -n + 3. Let r be b(0). Suppose 0*p - r*p - 18 = -2*f, -3*p = 4*f + 18. What are the prime factors of (120/p)/((-4)/6)?
2, 3, 5
Let q = -734 - -1365. List the prime factors of q.
631
Let b = -611 - -438. Let p(j) = -3*j**2 - 2*j + 7. Let d be p(6). Let a = d - b. List the prime factors of a.
2, 3, 5
Let f be ((-8)/28)/(3/(-21)). Suppose 5*l - 1 - 4 = -5*s, f*s + 3*l = 1. What are the prime factors of 8 + s + 0 + -1?
3
Suppose 3*r + 4 + 5 = 0. Let n = r + 2. What are the prime factors of ((-12)/(-30))/(n/(-25))?
2, 5
Suppose 4*c - c = 0. Suppose c = -0*g - 4*g. Suppose -3*b + 117 + 18 = g. What are the prime factors of b?
3, 5
Let c(m) = 21*m**2 + 4*m + 1. Let o be c(4). Let h = -242 + o. List the prime factors of h.
3, 37
Let x(u) = 1 + u + 14*u - 6. Let f be x(10). Suppose 0 = 8*g - 13*g + f. What are the prime factors of g?
29
Suppose -1281 = -3*s - 0*o - 4*o, 427 = s + o. Let j = s + -291. List the prime factors of j.
2, 17
Suppose -w - w + 8 = 5*x, -2*x = 0. Suppose -4*n - 3*c + 669 = 36, w*c = 3*n - 506. Suppose n = 6*g - 0*g. What are the prime factors of g?
3
Suppose -7*q + 12 + 9 = 0. Suppose 3*u - 75 = -3*k, -k + 124 = q*k - 2*u. List the prime factors of (k/(-3))/(3/(-9)).
29
Let z = -44 - -85. Let d = z - -2. Suppose 133 = 8*a - d. What are the prime factors of a?
2, 11
Let y be (6/6)/((3 + -2)/3). Suppose -290 = -y*n + 4*f, 2*f = -n - f + 114. List the prime factors of n.
2, 3, 17
Let r(d) be the third derivative of 7*d**5/60 + d**4/24 - d**3/3 - 13*d**2. What are the prime factors of r(-2)?
2, 3
Let f(i) be the third derivative of -4*i**2 + 1/30*i**5 + 0*i + 0 + 1/3*i**3 + 5/24*i**4. List the prime factors of f(-5).
3
Let n be 1*((-58)/(-1))/2. Suppose -2*m + 5*i + n = 0, -4*m - i = -2*i - 13. Let q = 11 + m. List the prime factors of q.
13
Let q = 27 - 17. Suppose 286 + q = 4*r. What are the prime factors of r?
2, 37
Let l(u) = u**3 - 6*u + 16. Let q be l(8). Suppose -h + 0*h = -j + 126, -4*h + q = 4*j. What are the prime factors of j?
3, 41
Let x(k) = k**3 + k**2 + k + 55. Let j = 17 + -17. List the prime factors of x(j).
5, 11
Suppose 2488 = -5*c + 12618. What are the prime factors of c?
2, 1013
Suppose 1173 - 4095 = -5*w - 4*y, 4*w = 2*y + 2322. Let r = w - -84. List the prime factors of (12/(-9))/((-12)/r).
2, 37
What are the prime factors of (-2 + 1 + 5)*(358 - -1)?
2, 359
Suppose -j - 94 = 2*w - 5*w, 3*j - 78 = -3*w. List the prime factors of w.
2, 3, 5
What are the prime factors of 964*(4 - 8)/(-4)?
2, 241
Let t(i) = i**2 - 7*i + 8. Let c be t(7). List the prime factors of 44 - (-4)/c*4.
2, 23
Suppose 0 = -2*b + 6*b - 168. What are the prime factors of 6/9*(b - -3)?
2, 3, 5
Let w(g) = -157*g**3 + g**2 + 10*g + 9. List the prime factors of w(-1).
157
Suppose 2*n = -d + 285, 3*d - 58 = -3*n + 797. List the prime factors of d.
3, 5, 19
Suppose 0 = 2*k + 4*k - 12. Suppose 4*d = w + 28, -d + 3*w = k*d - 30. Let o = d + 33. List the prime factors of o.
3, 13
Let n = -78 - -76. What are the prime factors of n + 115 + (-1 - (-9)/3)?
5, 23
Let g(l) be the third derivative of 1/8*l**4 - 1/6*l**3 + 2*l**2 + 0 + 1/60*l**5 + 0*l. What are the prime factors of g(-7)?
3
Let g(o) = o**3 + 8*o**2 - 15*o - 9. Let i be g(-9). Let b = 60 - i. List the prime factors of b.
3, 5
What are the prime factors of (-8)/(221702/36959 + -6)?
2, 2843
Let t be 5 - 5 - 24/4. Let m(x) = -x + 1. Let u(l) = -51*l**2 + 6*l - 7. Let c(g) = t*m(g) - u(g). What are the prime factors of c(-1)?
2, 13
Let c(h) = -17*h + 3*h + h**3 + 5*h**2 - 25*h**2 + 8. What are the prime factors of c(21)?
5, 31
Let l(o) = o - 1. Let y(w) = -3*w - 2. Let f(n) = 4*l(n) - y(n). Let i be f(6). Suppose -5*m + m + i = 2*q, -3*q + 24 = 2*m. List the prime factors of m.
3
Let l(r) = 10*r - 10. Let c be l(-6). Let o be (60/c)/(2/(-14)). What are the prime factors of 86/3 - 4/o?
2, 7
Let c = 41 - 39. Suppose 14 = -c*k + 132. List the prime factors of k.
59
Suppose n + 4*u + 1081 = 4*n, 10 = 5*u. What are the prime factors of n?
3, 11
Let q(v) = 7*v - 4. Let s be q(-11). Let k = 0 - s. List the prime factors of k.
3
Let h(c) = -c**2 - 117*c - 408. List the prime factors of h(-48).
2, 3, 11
Suppose 0 = 4*o - 48 + 28. Suppose -3*i + 368 = -2*b, o*b - 1 = 9. List the prime factors of i.
2, 31
Let i(p) = p**3 + 14*p**2 + p + 16. Let m be i(-14). Suppose 0 = 5*n + 4*d - 14 + m, 4*d + 12 = n. What are the prime factors of (n - 1) + 21 + 0?
2, 3
Suppose a - 3*m = 190, 5*a = 16*m - 15*m + 950. What are the prime factors of a?
2, 5, 19
What are the prime factors of 2912 - 0 - -18*(-4)/(-24)?
5, 11, 53
Let c(f) = 10*f**2 - 63*f + 16. List the prime factors of c(-7).
947
Suppose 13*z - 22*z + 3645 = 0. What are the prime factors of z?
3, 5
Let x = -260 + 347. What are the prime factors of x?
3, 29
Suppose -9*x + 41968 = 7*x. List the prime factors of x.
43, 61
What are the prime factors of (0 + -1 + 2)*1518/6?
11, 23
Let t(f) = 3*f**2 - 6*f. Let g(b) = 8*b**2 - 19*b - 1. Let v(c) = 4*g(c) - 11*t(c). What are the prime factors of v(-7)?
17
Let f = 494 + -5. List the prime factors of f.
3, 163
Suppose -4*r + 2700 = 2*u, 5*r + u = -0*u + 3372. List the prime factors of r.
2, 337
Suppose -7056 = -18*v + 9*v. What are the prime factors of v?
2, 7
Let l = 1012 + -365. List the prime factors of l.
647
Suppose 20*i - 14*i = 4998. What are the prime factors of i?
7, 17
Let g = 69 - -180. What are the prime factors of (g/2)/(-4 + 76/16)?
2, 83
Suppose -6*v = -v - 385. Suppose -4*o + 8 + 84 = 0. Suppose -o = -4*w + v. List the prime factors of w.
5
Suppose 6*h - 4*h = -16. Let r(n) = -5*n - 8. Let d be r(h). Suppose -3*f - d = -7*f. What are the prime factors of f?
2
Let d(o) = o**2 + 11*o - 43. What are the prime factors of d(16)?
389
Let l be -1 + 0 - (-222 - -14). Let g = 354 - l. List the prime factors of g.
3, 7
Let r(s) be the first derivative of 348*s**3 + s**2/2 - 2*s + 6. Let w be r(1). What are the prime factors of w/49 - (-2)/(-7)?
3, 7
Let i(y) be the first derivative of -11*y**2/2 - 14*y - 3. List the prime factors of i(-9).
5, 17
Let q be 52 - (3 - 0/2). Suppose -3*d + 26 = -q. List the prime factors of d.
5
Let f(u) = -12*u - 4. Let a be -2 + 3 - -2 - -3. Let b be f(a). Let w = -42 - b. What are the prime factors of w?
2, 17
Suppose -1992 = -4*s - 4*c, 12*s = 13*s - 4*c - 513. List the prime factors of s.
3, 167
Suppose 0 = 60*a - 52*a - 1568. List the prime factors of a.
2, 7
Let p = -207 + 113. List the prime factors of p*(18/(-4))/9.
47
Suppose -3*o - o = -8. Let n(y) = y**3 - 1 - 14*y**o + 0 - 3 + 16*y. What are the prime factors of n(13)?
5, 7
Let r = -1041 - -2579. List the prime factors of r.
2, 769
Let f(q) = -q - 1. Let o(j) = -2*j - 6. Let g(a) = -3*f(a) + o(a). Let d be g(6). What are the prime factors of 2/(-1) + d + 26?
3
Let g = -135 + 149. Suppose 3*n + 46 = -110. Let c = g - n. List the prime factors of c.
2, 3, 11
Let g = 52 + -21. Suppose 3*r - 19 = -4*p, r + 2 = 3. Suppose p*o - g - 53 = 0. What are the prime factors of o?
3, 7
Suppose 3*y - 341 = 670. List the prime factors of y.
337
Let q(k) = -4*k - 3. Let h be q(-6). Suppose -4*b - h = 7. What are the prime factors of (b/4)/(7/(-56))?
2, 7
List the prime factors of 2 - 90/27 - 7585/(-3).
7, 19
Let x be (2/4 - -2)*2. Let u be (-1 + 0)/(7/(-14)). Suppose -88 = -x*q - c + 2*c, -u*q + 4*c = -28. List the prime factors of q.
2, 3
Let h(c) = -c**3 - 2*c**2 + c + 3. Let f be h(-3). Let y(s) = 4*s + 17. Let u be y(-5). Let o = f + u. What are the prime factors of o?
2, 3
Let k = -249 - -487. Suppose -317 = -5*y + k. What are the prime factors of y?